-5*b + 3611 - 1804 = -1883. What is the highest common divisor of 90 and b?
18
Let q be (-232)/28 + 2/7. Let n be (2 - q/(-4))/3. Suppose n = 5*i - 8*i + 210. Calculate the greatest common factor of 10 and i.
10
Let b = 17812 - 17792. What is the highest common factor of 65 and b?
5
Suppose -6 = -5*s + 9. Let i(b) = -b**3 + 14*b**2 - 19*b + 11. Let a be i(8). Let j be (a - s) + 6/(-3). What is the highest common divisor of j and 14?
14
Let k = 10 - -53. Suppose -5*v - 3 = -k. What is the highest common divisor of 324 and v?
12
Suppose 4*b - 94 - 295 = -5*f, -3*f + 5*b + 263 = 0. Calculate the greatest common factor of 72 and f.
9
Let r(b) = -b + 2. Let n(p) = p**2 + 13*p - 40. Let w(v) = -n(v) + 5*r(v). Let y be w(-20). Calculate the greatest common factor of 100 and y.
10
Suppose 0 = 210*m - 331631 + 4661. Calculate the greatest common divisor of m and 18.
9
Let n(g) = 3*g**2 - 23*g + 20. Let t be n(9). Let l = 107 - t. Let h = l + -18. Calculate the greatest common factor of h and 231.
33
Let n be 364344/342*(1 + 1/2). What is the greatest common factor of 329 and n?
47
Let p = -1598 + 1731. Calculate the highest common divisor of p and 437.
19
Let j = 225 - 360. Let s = 210 + j. Suppose 0*k - 2*g - s = -5*k, -g = 5*k - 75. Calculate the greatest common factor of k and 15.
15
Suppose b = 2*j + 4*b - 23, -b = 3*j - 17. Let y = 570 - 90. Let q = y - 436. What is the greatest common factor of j and q?
4
Let v = 3764 + -3654. Let k(u) = 131*u - 8. Let f be k(3). Calculate the greatest common factor of f and v.
55
Let o = 0 + 1. Let p = 118 + -132. Let g be (-4)/p + 300/(-70) + 12. What is the greatest common divisor of o and g?
1
Suppose -13*k = 442 - 728. Let u be (-1)/(-2 + 4)*-4. What is the greatest common factor of k and u?
2
Let v = 4321 + -4295. What is the greatest common factor of 13598 and v?
26
Let j be (2 + 158 + -1)*7/(462/44). Calculate the greatest common divisor of j and 32.
2
Let g = -3176 + 3542. Calculate the greatest common divisor of g and 610.
122
Let t(b) = -118*b - 4355. Let m be t(-81). Calculate the greatest common factor of m and 242.
121
Let p(s) = 13 + 18 + 13 + s**3 - 3*s**2 - 40. Let b be p(3). Calculate the greatest common factor of b and 1.
1
Let r(m) = -3*m**3 - 149*m**2 + 204*m + 100. Let k be r(-51). Let p = -56 + 116. What is the highest common divisor of p and k?
20
Let a be (3 - 11) + 2630/(14 + -4). Suppose -3*y - y = -j + 20, -2*j - 25 = 5*y. Suppose -2*t + j*t = -30. Calculate the highest common divisor of t and a.
15
Let v = -2469 - -5879. What is the highest common factor of v and 155?
155
Suppose -10*y + y - 91 = -361. Calculate the greatest common factor of 3080 and y.
10
Let c = 212 + -210. Let r(j) = -j**3 + 2*j**2 - j + 4. Let p be r(c). Calculate the greatest common factor of 5 and p.
1
Let z be 2 + -2 - (1 - -4) - -30. Suppose z*f = 24 + 101. Calculate the highest common factor of f and 130.
5
Let q = -443 - -539. Let a = 9 - 7. Suppose -24 + 0 = -a*o. Calculate the greatest common factor of o and q.
12
Let t = 10 + -12. Let m be (-21)/t*2/3. Let w(v) = 14*v + 49. Let i be w(-3). Calculate the greatest common factor of m and i.
7
Let q be 135/(-3) + (3 - 0). Let u = q - -18. Let v = u + 34. What is the highest common divisor of 4 and v?
2
Suppose 16*s - 3599 = -3279. What is the highest common factor of s and 1010?
10
Suppose -4335 - 4413 = -162*g. Calculate the greatest common divisor of g and 153.
9
Let d(k) = -k. Let t be d(-5). Suppose 0*i = t*i - 350. Let m be 6/20 - (-78764)/8120. Calculate the highest common factor of i and m.
10
Suppose -2*o = -2 - 6. Suppose 22 + 2 = o*z. Let b be 6/9 - -1*2108/z. Calculate the highest common factor of b and 32.
32
Suppose 13*t = 1233 + 54. Suppose -88*h + t*h = 1650. Calculate the highest common divisor of 225 and h.
75
Let y(a) = 5*a**2 - 27*a - 159. Let x be y(-4). What is the greatest common divisor of x and 5771?
29
Let h = -9658 - -9688. What is the highest common divisor of h and 1542?
6
Suppose 3*m - 611 = -2*m - 156. What is the highest common divisor of m and 623?
7
Let a = -71 - -70. Let v be (-428)/(-4) - 0 - a. What is the highest common divisor of 12 and v?
12
Suppose 1260 = 4*z - 4*q, -z - 8*q + 10*q + 312 = 0. Calculate the highest common divisor of z and 2332.
106
Suppose -3*x - 51 = -u - 7, -2*u = 2*x - 64. Calculate the greatest common divisor of u and 430.
5
Suppose -53*p + 58*p - 5 = 0. Let g be (362 - 2)/(1/p). Suppose -8 = -5*c + 192. What is the highest common factor of c and g?
40
Let u(k) = -29*k + 2070. Let j be u(54). Suppose 0 = 2*v - 2*t - 110, -1 + 5 = 4*t. Calculate the highest common divisor of j and v.
56
Suppose 230*y - 228*y = -984. Let z = y - -517. Calculate the highest common divisor of z and 80.
5
Suppose 92*b - 97*b = f + 15, 4*b + 18 = -2*f. Let d(r) = -14 + 2*r**2 + 2*r + 0*r + 0*r. Let k be d(f). What is the greatest common factor of 260 and k?
26
Suppose 20*n - r + 4 = 21*n, 0 = -4*n + 4*r. Suppose n*s = -8*s + 250. What is the greatest common divisor of 10 and s?
5
Let w(s) = -s**2 - 9*s + 21. Let j be w(-33). Let d = -651 - j. What is the highest common divisor of d and 90?
30
Let i be (80/(-5))/((-2)/11). Suppose -21*h = 14*h + 805. Let j = 31 + h. What is the greatest common divisor of j and i?
8
Suppose -278*g + 275*g + 42 = z, 242 = 5*z - g. Calculate the highest common divisor of z and 9192.
24
Suppose 0 = 5*n - 4*o - 478 + 240, -n + 2*o = -44. Calculate the highest common divisor of n and 270.
10
Let d(x) = -3*x**3 + x**2 - 6*x + 4. Let j be d(1). Let n be 5*9*(220/(-25))/j. What is the highest common divisor of 3 and n?
3
Suppose 80*t = -19*t + 1823 + 652. Calculate the greatest common divisor of t and 2575.
25
Let q be (6/(-5))/(-3) + (-19578)/(-130). Let d be q - -1 - (54 - 47). Calculate the greatest common factor of d and 87.
29
Let c(p) = 76*p + 2. Let w be c(3). Let u = w + -165. What is the greatest common factor of 13 and u?
13
Let p = -4308 + 4484. Calculate the highest common factor of p and 1980.
44
Suppose -106*p - 75*p + 19411 + 20952 = 0. Calculate the greatest common factor of p and 223.
223
Let m(y) = 3*y + 465. Let o be m(-136). What is the greatest common divisor of 6612 and o?
57
Let q(l) = -l**2 + 102*l - 2308. Let y be q(68). Suppose -9 = -4*t + 15. What is the greatest common divisor of t and y?
2
Let b(n) = n + 1. Let h be b(3). Suppose 0 = q + h*q + 2*c - 346, 4*c = 3*q - 218. Let f = 19447 - 19437. What is the greatest common factor of q and f?
10
Suppose 4*k = 3*u - 18164, -65*u + 62*u = -5*k - 18169. What is the greatest common factor of u and 12?
12
Let w be 1*(2 + -1) + 6. Let q = -53 + 49. Let m(y) = y**3 + 2*y**2 - 11*y - 5. Let g be m(q). Calculate the highest common factor of w and g.
7
Let b(q) = q**3 + 22*q**2 - 4*q - 13. Let d be b(7). Suppose 15*x = 61*x - d. What is the highest common divisor of x and 220?
10
Let b(u) = 7*u + 7. Let h(w) = -22*w - 25. Let t(d) = 21*b(d) + 6*h(d). Let v be t(1). Calculate the greatest common divisor of 3 and v.
3
Let m = -1526 - -1537. Suppose -4*y - 5*i = -1794, -2*i + 3*i = 3*y - 1355. Calculate the highest common divisor of y and m.
11
Suppose -4691*l + 4699*l - 48 = 0. What is the highest common divisor of 20 and l?
2
Let k = -345 - -345. Suppose -1355 = -3*p - 2*l, 4*p + 2*l + 3*l - 1809 = k. Calculate the highest common factor of p and 22.
11
Suppose 0 = -4*l + 5*y - 0*y - 13, 4*y = -3*l + 29. Suppose 11*n = l*n + 48. Let x be (-51)/n*10/(-5). What is the greatest common divisor of 51 and x?
17
Let d be 14*15/(120/68). What is the greatest common factor of 51 and d?
17
Let u(z) = z**3 + 12*z**2 + 35*z. Let v be u(-5). Suppose -25*h + 287 + 713 = v. Suppose 3*l - 60 = -12. What is the highest common factor of l and h?
8
Suppose -689*x + 687*x - n = -2346, x + 5*n - 1155 = 0. What is the greatest common factor of 200 and x?
25
Let x = -66 - -92. Let c = x - 19. What is the greatest common divisor of c and 2?
1
Let d(c) = 74*c - 368. Let v be d(5). Suppose 4*w - w - 3*m = 411, 0 = -3*w + v*m + 409. Calculate the highest common divisor of w and 18.
9
Let f be 93/(-14)*-4 + 162/378. Calculate the highest common factor of 9 and f.
9
Let g(k) = -272*k - 5976. Let l be g(-22). What is the greatest common factor of 1192 and l?
8